mon divisor of c and 36.
18
Suppose -22 = 2*l - 4*l. What is the greatest common factor of l and 275?
11
Suppose -4*z + 15 = -25. Suppose -8 = -2*f + z. What is the highest common divisor of 1 and f?
1
Suppose -4*b + 5*q - 61 = 0, 2*b = -3*b + q - 50. Let g be 12*(b/2)/(-3). Let f = -8 + g. Calculate the highest common factor of f and 40.
10
Suppose 2*g - 47 = -2*k - 9, 5*k = -2*g + 80. Calculate the highest common divisor of k and 98.
14
Suppose -364 = -11*z + 285. What is the greatest common factor of z and 118?
59
Let y = 7 + 2. Suppose c = 5*j - 215, -4*j = 2*c + 84 - 242. Let r = j - -57. Calculate the highest common factor of y and r.
9
Let n be -5*(0 - 56/20). Calculate the greatest common factor of 35 and n.
7
Suppose a = -2 + 8. Suppose -2*t + 54 - a = 0. What is the greatest common divisor of 16 and t?
8
Let s be -1 - 4/((-4)/3). Suppose -99 = n - s*n. What is the greatest common divisor of n and 9?
9
Let u be (17/(-2))/((-6)/(-24)). Suppose -w = 2*w + 210. Let m = u - w. Calculate the greatest common factor of m and 12.
12
Let y = -21 - -45. Let s = y + -20. Let h = -43 + 79. What is the greatest common divisor of h and s?
4
Let r = -4 - -6. Suppose 0*u + 48 = r*u - 3*g, 3*g - 102 = -3*u. Calculate the greatest common factor of u and 20.
10
Let d = 356 + 20. Let z be 6 - ((3 - 2) + 0). Suppose 64 + d = z*g. Calculate the highest common divisor of g and 11.
11
Let l = -10 + 23. Let v = -5 + l. Let c be v/(2 + 16/(-10)). Calculate the greatest common factor of c and 8.
4
Suppose 0*a = 4*a. Let u(c) be the first derivative of -c**2/2 + 85*c + 4. Let s be u(a). What is the greatest common factor of s and 34?
17
Let i be ((-216)/(-28))/(27/252). Let c be 4/(2 - (-32)/(-18)). Calculate the greatest common divisor of i and c.
18
Let z be ((-18)/(-8))/((-4)/240*-3). Calculate the greatest common factor of 9 and z.
9
Let i = 50 + -21. Suppose l - i - 71 = 0. Calculate the greatest common divisor of 20 and l.
20
Suppose 2*d + r = -1, 5*d - 4*r + 32 = d. Let x be 0 + (d - (0 - 1)). Let w be ((-12)/x)/(1/7). Calculate the highest common factor of 63 and w.
21
Suppose -5*o + 162 + 88 = 0. Calculate the highest common divisor of 10 and o.
10
Let r = 0 - -11. Suppose -2*l - 5*q = 11, q + q = 2*l + 18. Let g = r + l. Calculate the highest common divisor of g and 27.
3
Suppose 7*c - 180 = 3*c. What is the greatest common divisor of c and 5?
5
Let p(m) = m**2 - 14*m + 11. Let i be p(14). What is the greatest common divisor of 33 and i?
11
Let u(o) = -2*o + 6. Let k be u(-6). Let l = 2 - 0. Suppose 4*q - 3*q = l. Calculate the highest common factor of k and q.
2
Let p = 9 + -6. Suppose -2*g - 4 = 0, -4*x - 5*g = -p*g - 68. Suppose -3*u + 37 = -t, -4*u + 3 = 3*t - 42. What is the highest common divisor of x and u?
6
Let c be 12/9 + 2/(-6). Let z(b) = 4*b**2 + 1. Let s be z(c). Let m = 14 + 21. Calculate the greatest common divisor of s and m.
5
Let x be 2*104 + (-2)/1. Let t = -129 + x. Let h = 30 + -23. What is the highest common divisor of h and t?
7
Let a be (-4)/(-2) + 1/(-1). What is the highest common factor of 7 and a?
1
Suppose 4*p = -g - 114, -5*g + 3*p = -0*g + 593. Let z = -48 - g. Let q be 2/(-3) - (-44)/3. Calculate the highest common factor of z and q.
14
Let d be ((-2 - 0) + -38)*-1. Calculate the greatest common factor of d and 30.
10
Let p be 0 - (1 - (-153)/1). Let i = 346 + p. Suppose 7*m - i = 3*m. Calculate the greatest common divisor of 12 and m.
12
Let r(j) = -j**3 - 3*j**2 - 3*j + 5. Let y be r(-4). What is the greatest common divisor of 11 and y?
11
Let u = 0 - 1. Let x(s) = 97*s + 2. Let r(y) = -49*y - 1. Let i(n) = 5*r(n) + 2*x(n). Let p be i(u). Calculate the highest common divisor of 20 and p.
10
Let z(q) = q**3 + 3*q**2 - 3*q - 2. Let x = 4 + -7. Let h be z(x). Let g = -10 - -17. Calculate the greatest common divisor of g and h.
7
Let j(u) = u**3 - 8*u**2 + 3*u - 9. Let x be j(8). Calculate the highest common divisor of 90 and x.
15
Let o be (-4*6 - 4)*-2. What is the highest common divisor of 7 and o?
7
Suppose 0 = -3*f + 6*n - n + 48, 2*n = 3*f - 57. What is the highest common factor of 7 and f?
7
Let g(j) = j**2 - 6*j + 8. Let h be g(11). Suppose -2*p = -3*p + h. Calculate the highest common factor of p and 7.
7
Let m be 3/(6/16*2). Let n(l) = l + 4. Let u be n(m). Let r be 41 - (3 - (0 + 2)). Calculate the highest common divisor of r and u.
8
Suppose 4*d - 2*w = 0, 3*w + 2 = 5*d + w. Let y be (-225)/(-10) + d/(-4). Calculate the greatest common factor of y and 110.
22
Let z be (648/3)/6 + 0 + 2. What is the highest common divisor of 266 and z?
38
Let n = -5 + 8. What is the greatest common divisor of 12 and n?
3
Suppose 19 = 4*m - 45. Let d(y) = -y**2 + 9*y - 4. Let i be d(4). Calculate the highest common factor of m and i.
16
Let q be ((-10)/(-8))/((-3)/(-12)). Suppose f - q*f + 52 = 0. Calculate the greatest common divisor of f and 52.
13
Suppose -4*m = -m - 63. Calculate the greatest common factor of 168 and m.
21
Let y = 282 + -166. What is the highest common factor of 29 and y?
29
Let b(o) = -2*o. Let j be b(3). Let w be ((-56)/10)/(j/15). Let h be (0 - 0/(-1)) + 7. What is the highest common divisor of w and h?
7
Let g(q) = q**3 - 7*q**2 + 8*q - 2. Let x be g(6). Let m be (-1)/(-2) + (-18)/(-4). What is the greatest common divisor of x and m?
5
Suppose -4*v - 2*g = -582, v - 56 = -5*g + 67. Let z = 648 - 432. Let d = z - v. Calculate the greatest common factor of d and 17.
17
Suppose 6*t = 2*t + 204. Let i(f) = -f**2 + 10*f + 8. Let u(s) = s**2 - s + 9. Let l be u(0). Let r be i(l). Calculate the greatest common factor of t and r.
17
Let x be (-5 + 53)/(6/8). Calculate the highest common factor of 8 and x.
8
Suppose -u - m + 43 = 0, 0 = 4*m - 4. Let s = 61 - u. Suppose w - 2*p - 68 = -7, -2*p = -3*w + 175. Calculate the highest common factor of s and w.
19
Suppose 0 = -6*c + c + 495. What is the greatest common divisor of c and 11?
11
Suppose -3*o + 36 = l, 2*o + 172 = 5*l - l. What is the highest common factor of 14 and l?
14
Suppose -p + 3 = -4*r + r, -5*r = -4*p + 33. Calculate the highest common factor of 108 and p.
12
Suppose -3*t + 2*t = -73. Let r = -52 + t. Calculate the greatest common factor of 42 and r.
21
Suppose 7 = 4*b - 9. Suppose 5*q = 0, -3*c + 5*q = -4*c + 32. What is the greatest common factor of c and b?
4
Let p be 6/(-15) - 72/(-5). What is the highest common divisor of 7 and p?
7
Suppose -2*t - 5*b + 64 = 0, -125 = -4*t - t + 5*b. Calculate the highest common divisor of 18 and t.
9
Suppose 3*o + 26 = 23. Let k be 1*(2 - 1 - -14). Let f = o + k. What is the highest common factor of f and 35?
7
Let n(m) = -m + 3. Let q be n(-6). Calculate the highest common divisor of 18 and q.
9
Suppose 0 = -3*z - 3, -j - 4*z = -34 - 17. What is the highest common divisor of j and 10?
5
Let x be 6/15 - (-8)/5. Let j(f) = -f + 2*f**2 + 0 - f**x + 4*f - 3. Let b be j(2). What is the highest common factor of b and 63?
7
Let l(s) = s**3 - 6*s**2 + 13. Let z be l(6). Suppose 16*y - z*y - 378 = 0. Suppose 14 = g - 0*g. What is the highest common factor of g and y?
14
Let i(o) = -10*o - 16. Let s be i(-3). Calculate the highest common factor of 21 and s.
7
Let h = -1 + 3. Suppose h*z + 34 = -m, -4*z + m - 4*m = 70. Let y be (-4)/z - 31/(-4). Calculate the highest common factor of 20 and y.
4
Let n be 88 - 9/3 - -3. What is the greatest common factor of 8 and n?
8
Let w be -2 + -1 + 2 + 0. Let u = w - -3. Suppose -2 = -u*x, 4*p + 3*x - 39 = p. Calculate the highest common factor of 60 and p.
12
Let p = 3 - 3. Suppose p = -3*t - 0*t. Suppose t = q - 4 + 1. Calculate the greatest common factor of 9 and q.
3
Let p(t) = t - 3. Let u be p(5). Suppose u*k + 944 = 4*i, -206 = -i + 3*k + 40. What is the greatest common factor of 26 and i?
26
Suppose 2*v - 3 = 3. Suppose 0*r - 84 = v*r. Let y = r - -70. What is the highest common divisor of 6 and y?
6
Let l(y) = 8*y + 3. Let r be l(1). Calculate the highest common divisor of r and 11.
11
Let q = 2 + 3. Suppose q*c - 96 = c. What is the greatest common factor of c and 36?
12
Let c be 126/24 + 2/(-8). Suppose 3*q = 80 - c. Suppose -64 + q = -3*t. What is the highest common divisor of t and 13?
13
Let l = -48 + 70. Suppose -2*u + 9 = u. Suppose -2*s + u*s = 55. What is the 